 o(d) = d + 3. Let l be o(-11). Let q = -1 - l. Calculate the remainder when 26 is divided by q.
5
Suppose 2 = h + 2*f, -4*h + 6*f = f - 34. Calculate the remainder when h is divided by 36/48*(-2)/(-3)*4.
0
Let t(u) = -u**3 + 7*u**2 - 6*u + 12. What is the remainder when t(6) is divided by 7?
5
Suppose 3*k = -0*k + 129. Suppose 0 = 3*q - 3*h - 24, h - 4*h - 9 = 0. Let u = q + 10. What is the remainder when k is divided by u?
13
Let x = 144 - 134. What is the remainder when 33 is divided by x?
3
Let y(r) = 8*r. Calculate the remainder when 38 is divided by y(1).
6
Suppose 19 = 5*m - 31. Suppose 3*w - m = 38. Calculate the remainder when 47 is divided by w.
15
Suppose 9*l + 39 = 6*l. Let t = l + 28. Calculate the remainder when 57 is divided by t.
12
Let a = -55 + 65. Calculate the remainder when a is divided by 5.
0
Suppose 6*v + 3*i - 285 = 3*v, 4*v - 3*i - 380 = 0. Calculate the remainder when v is divided by 26.
17
Calculate the remainder when 27 is divided by 6 - (-2 - 0) - (2 + 1).
2
Let k(r) = r**3 + 4*r**2 - 2*r + 1. Let x(s) = s**3 - s**2 - s + 36. Let g be x(0). Suppose -g = -2*t + 14. What is the remainder when t is divided by k(-4)?
7
Let j be 57/3*(-1 + 2). Let f = j - -10. Suppose -2*b + f = -7. Calculate the remainder when 53 is divided by b.
17
Suppose 6*k = 14*k - 136. Let g(y) = 17*y - 3. What is the remainder when g(4) is divided by k?
14
Let w(p) = -5*p + 5. Suppose 6*v - v + 15 = 0. What is the remainder when w(v) is divided by 8?
4
Suppose 21 = 2*b - 11. Let g be ((-4)/((-4)/(-11)))/(-1). Let v = 42 - g. What is the remainder when v is divided by b?
15
Let l = -8 + 7. Let q = l + 4. Suppose 0 = 5*t + 3*w - 35 - 14, 5*w = -q*t + 39. What is the remainder when 15 is divided by t?
7
Let s = 0 + 8. Let x(j) = -j**2 - s + 10 - 6 - 9*j. Calculate the remainder when 31 is divided by x(-5).
15
Let a = -56 + 156. Suppose 7*o - 3*o = a. What is the remainder when o is divided by 9?
7
Suppose b = -4*c - 6, -2*b = 2*b + 5*c - 31. What is the remainder when 15 is divided by b?
1
Suppose 0 = g + 6*g - 154. What is the remainder when g is divided by 12?
10
Suppose -2*q = 4*q - 72. Let o = 6 + q. Suppose 5*t - 281 = -21. Calculate the remainder when t is divided by o.
16
Let w(m) = m**3 + 6*m**2 + 5*m + 2. What is the remainder when 26 is divided by w(-4)?
12
Suppose -21 = -4*q + 19. Suppose 2*v - q - 28 = 0. Calculate the remainder when 36 is divided by v.
17
Let n = 60 + -44. Calculate the remainder when 30 is divided by n.
14
Suppose -2*f - 2*p = p + 6, 5*f - 7 = -2*p. Suppose 5*x + 18 = f. Let i = 2 - x. Calculate the remainder when 13 is divided by i.
3
Suppose -d = -4*d + 12. Suppose 3*k - d = 2*i - k, -2*k + 2 = i. Suppose i = -0*c - 3*c + 48. What is the remainder when c is divided by 9?
7
Let w = -13 + 19. Suppose 6*u - 2*u = 68. What is the remainder when u is divided by w?
5
Let z = 3 + -2. Let m = -3 - 0. Calculate the remainder when 10/6 + m/(-9) is divided by z.
0
Suppose 2*h + 3 - 1 = -4*g, -4*h + g + 23 = 0. What is the remainder when (-44)/(-10)*(h + 0) is divided by 8?
6
Let u = 218 + -154. What is the remainder when u is divided by 13?
12
Suppose 9*h + 3*h - 72 = 0. What is the remainder when 22 is divided by h?
4
Suppose 4*j + 0*j = 24. Suppose -x = 3*m - 19, 0*m - 6 = -2*m. What is the remainder when x is divided by j?
4
Let z be (-1 - (-2 + -30))/(-1). Let f = z - -19. Let b = f + 37. Calculate the remainder when b is divided by 13.
12
Suppose 3*a = -0*a + 9. Let n = -256 - -263. What is the remainder when n is divided by a?
1
Let v(w) = w**2 + 2. Let t be v(4). Let b = 27 - t. What is the remainder when 2/(-3)*12*-2 is divided by b?
7
Let k be ((-6)/4)/(9/(-12)). Suppose -2*d = -g + 48, 0 = 5*g - d + k*d - 207. Calculate the remainder when g is divided by 22.
20
Suppose 0 = -q + 2 + 12. Suppose 3*t - 47 = -4*n, 4*n + 4 = 2*t - q. Calculate the remainder when t is divided by 7.
6
Suppose -r - 7 = -3*n, -5*r + 4*n + 11 = 2. Calculate the remainder when 22 is divided by r.
2
Suppose w = u - 6 + 2, w = 0. Let s = -6 + u. Let k = 0 - s. What is the remainder when 4 is divided by k?
0
Let l(c) = c**3 + 6*c**2 - 10. What is the remainder when 39 is divided by l(-5)?
9
Let h(i) = -2*i + 2. What is the remainder when 46 is divided by h(-5)?
10
Let k = 5 - 3. Suppose 0 = -k*d + 5*d - 105. Let j(r) = -r**2 - 5*r + 9. What is the remainder when d is divided by j(-5)?
8
Let n(b) = -2*b**2 - 3*b + 4*b**3 + 3 - 2*b**2 - 5*b**3. Let p be (-3 - -1) + 1*-2. What is the remainder when 43 is divided by n(p)?
13
Let r(z) = 2*z**2 - 6*z + 5. Suppose c + 3*c = 16. Calculate the remainder when 63 is divided by r(c).
11
Let w(y) = -y**3 - 9*y**2 - 9*y + 1. What is the remainder when w(-8) is divided by -3*(-3 - -1*2)?
0
Suppose 0*m = -5*m + 30. Suppose -m*n = -3*n. Suppose n = 7*j - 2*j - 290. Calculate the remainder when j is divided by 20.
18
Suppose -y - 5*y + 186 = 0. What is the remainder when y is divided by 11?
9
What is the remainder when -1 - ((1 - -1) + -8)*7 is divided by 15?
11
Let p = -19 + 31. What is the remainder when p is divided by 3?
0
Calculate the remainder when 12 is divided by 230/55 + 10/(-55).
0
Suppose -3*b = 2*d - 47, 2*d + b - 41 = 4*b. Suppose -4*w + 2*w = -d. Calculate the remainder when 32 is divided by w.
10
Let p = 21 + -17. What is the remainder when 14 is divided by p?
2
Suppose -2*q + 4*v = -50, -q + 5 = -3*v - 25. Calculate the remainder when -3*(-132)/9 - 0 is divided by (-4)/(-10) + 219/q.
14
Let d(z) = -18*z**2 + z. Let s be d(-1). Let t = s + 13. Calculate the remainder when 222/4 + t/(-12) is divided by 19.
18
What is the remainder when (3 - 2)*17/((-51)/(-90)) is divided by 19?
11
Suppose o - u - 4 = -o, -u + 14 = 4*o. Suppose -5*w + 41 = o*a, a + a + 2*w = 22. What is the remainder when 19 is divided by a?
5
Suppose 4*i = 8*i + h - 98, -4 = 2*h. Calculate the remainder when 49 is divided by i.
24
Let a(r) = -r**3 + 7*r**2 + 9*r + 14. Calculate the remainder when a(7) is divided by 8.
5
Suppose 0*p + 4*p = -4*d + 24, -p + 2 = 0. Suppose -138 = r - 4*r + 5*y, 3*y - 155 = -d*r. What is the remainder when r is divided by 11?
8
Suppose 2*k + 10 = -3*k. Let j(d) = -3*d**3 - 2*d**2 + 1. What is the remainder when 65 is divided by j(k)?
14
Let n be (4 - 3)*1 - 7. Calculate the remainder when 2 + (-3 + 2)*n is divided by 3.
2
Suppose 2*q = 118 - 348. Let d = q + 161. Calculate the remainder when d is divided by 16.
14
Let j(c) = -35*c - 4. Calculate the remainder when 72 is divided by j(-1).
10
What is the remainder when (-378)/(-8) + 4 - (-1)/(-4) is divided by 13?
12
Let w(c) = 4*c**2 + c - 1. Let j be w(1). Suppose a + 13 = -4*o + o, 0 = -3*a - 3*o - 9. Suppose a = -z + j. Calculate the remainder when 5 is divided by z.
1
Let u = 4 - -51. Calculate the remainder when u is divided by 19.
17
Let a = 40 - 10. What is the remainder when a is divided by 8?
6
Let u(d) = 4*d**2 + 4*d + 2. Suppose w + 4*w = -5, -5*o = -5*w + 5. Calculate the remainder when u(o) is divided by 4.
2
Let h = 234 + -232. Let b = 4 + -3. Calculate the remainder when h is divided by b.
0
Let b = 29 + 4. Suppose 2*p + 17 = 53. Let t = b - p. What is the remainder when 43 is divided by t?
13
Suppose 6*d = d - 4*n + 22, -3*n = 3*d - 15. Suppose -2*k = 3*k - 3*r - 26, 4*k = -r + 14. Suppose k = 2*x - 4. Calculate the remainder when x is divided by d.
0
Let y(a) = -a**3 - 6*a**2 + 10*a - 6. Let l be y(-8). Suppose w - 5*x - l = -w, x = -2. Let r(g) = -7*g - 3. What is the remainder when r(-7) is divided by w?
14
What is the remainder when 17 is divided by -2 + 3 - (0 + -4)?
2
Let q(z) = -z**3 - 6*z**2 - 5*z + 4. Let m be q(-5). Let o be (-4 + 12)*(-2)/(-4). Suppose m*b = 8 + o. Calculate the remainder when b is divided by 2.
1
What is the remainder when (440/(-77))/((-2)/7) is divided by 7?
6
Let s = 8 + -3. Suppose s*w - 136 = -h, -w + 3*w - 64 = 2*h. What is the remainder when w is divided by (9/15)/1 + 188/20?
8
Let l(r) = r**2 + 6*r - 4. What is the remainder when l(-7) is divided by 3?
0
Let s(v) = v**3 - 7*v**2 + 4*v - 25. Calculate the remainder when 25 is divided by s(7).
1
Suppose 5*r + 0*o = -5*o + 100, -4*r + 86 = 2*o. Let f = r - 32. Calculate the remainder when 2 is divided by 2 - 0*(-3)/f.
0
Suppose 0 = -5*d + 4*n + 203, 